) in base 7?
15
42 (base 6) to base 10
26
Convert -262 (base 7) to base 11.
-11a
What is -3 (base 15) in base 5?
-3
-1 (base 6) to base 14
-1
16 (base 7) to base 14
d
Convert 24 (base 8) to base 2.
10100
4 (base 8) to base 3
11
Convert b (base 14) to base 12.
b
Convert -a (base 16) to base 2.
-1010
Convert 1 (base 7) to base 5.
1
c9 (base 16) to base 10
201
-11100101 (base 2) to base 12
-171
2 (base 12) to base 9
2
Convert -3 (base 5) to base 6.
-3
What is 35 (base 9) in base 11?
2a
Convert 5 (base 11) to base 4.
11
-1041 (base 5) to base 7
-266
What is 3 (base 8) in base 13?
3
10 (base 11) to base 8
13
What is 0 (base 5) in base 13?
0
What is -440 (base 6) in base 5?
-1133
155 (base 6) to base 12
5b
101001 (base 2) to base 12
35
-20000 (base 3) to base 15
-ac
Convert 28 (base 11) to base 4.
132
-30 (base 14) to base 3
-1120
What is 21011 (base 3) in base 6?
521
What is 103 (base 10) in base 8?
147
What is 2311 (base 4) in base 3?
20201
-3 (base 4) to base 8
-3
What is -31 (base 15) in base 9?
-51
Convert 1 (base 10) to base 15.
1
What is 20 (base 16) in base 11?
2a
-13 (base 6) to base 4
-21
What is -1 (base 15) in base 7?
-1
Convert 1 (base 5) to base 2.
1
9 (base 15) to base 9
10
What is -146 (base 7) in base 10?
-83
What is -10 (base 9) in base 4?
-21
Convert 10 (base 3) to base 5.
3
What is 332 (base 6) in base 2?
10000000
Convert 90 (base 14) to base 2.
1111110
Convert -442 (base 6) to base 10.
-170
Convert -12 (base 11) to base 16.
-d
Convert 0 (base 4) to base 12.
0
10001 (base 2) to base 11
16
What is -232 (base 4) in base 12?
-3a
Convert -225 (base 7) to base 8.
-165
27 (base 12) to base 11
29
Convert a6 (base 11) to base 5.
431
What is 3 (base 5) in base 12?
3
What is -10 (base 3) in base 9?
-3
Convert -2 (base 11) to base 8.
-2
Convert 31 (base 10) to base 4.
133
-b (base 12) to base 10
-11
What is 18 (base 13) in base 8?
25
What is 217 (base 13) in base 8?
546
What is -7d (base 16) in base 10?
-125
What is 10 (base 7) in base 10?
7
What is 1041 (base 5) in base 7?
266
Convert 32 (base 15) to base 12.
3b
Convert -7a (base 16) to base 15.
-82
What is 117 (base 10) in base 15?
7c
What is -220 (base 6) in base 13?
-66
-2 (base 16) to base 8
-2
What is -9 (base 13) in base 2?
-1001
-1 (base 14) to base 15
-1
Convert 4 (base 6) to base 3.
11
What is -4 (base 8) in base 12?
-4
-21 (base 3) to base 4
-13
Convert 11111 (base 3) to base 15.
81
Convert -6 (base 12) to base 16.
-6
What is -9 (base 15) in base 12?
-9
Convert 6 (base 7) to base 8.
6
-415 (base 6) to base 7
-311
What is 3 (base 15) in base 16?
3
What is 10111111 (base 2) in base 9?
232
What is -23 (base 9) in base 6?
-33
What is 2 (base 13) in base 9?
2
What is 3 (base 5) in base 10?
3
220 (base 3) to base 6
40
Convert 9 (base 12) to base 14.
9
Convert 6 (base 16) to base 14.
6
-3 (base 14) to base 9
-3
What is 24 (base 10) in base 13?
1b
What is 2 (base 5) in base 16?
2
What is c (base 13) in base 5?
22
What is 2 (base 4) in base 11?
2
What is 32 (base 5) in base 14?
13
What is 34 (base 16) in base 3?
1221
Convert 110100 (base 2) to base 6.
124
Convert 5 (base 12) to base 15.
5
What is -35 (base 11) in base 8?
-46
13 (base 8) to base 3
102
Convert 0 (base 9) to base 12.
0
-64 (base 9) to base 6
-134
114 (base 10) to base 4
1302
What is -14 (base 7) in base 11?
-10
What is 51 (base 8) in base 3?
1112
Convert 1 (base 4) to base 14.
1
What is 3 (base 6) in base 7?
3
Convert 16 (base 7) to base 8.
15
-28 (base 12) to base 8
-40
What is -13 (base 9) in base 8?
-14
1110101 (base 2) to base 12
99
What is -13 (base 7) in base 2?
-1010
-250 (base 8) to base 9
-206
Convert -18 (base 13) to base 6.
-33
What is -3 (base 15) in base 10?
-3
-45 (base 11) to base 7
-100
-4 (base 10) to base 8
-4
What is 138 (base 9) in base 10?
116
What is -82 (base 9) in base 14?
-54
-181 (base 12) to base 14
-133
-6 (base 12) to base 13
-6
Convert 33 (base 7) to base 6.
40
Convert -3 (base 15) to base 3.
-10
Convert -110 (base 8) to base 10.
-72
-5 (base 13) to base 11
-5
Convert -2011 (base 3) to base 11.
-53
141 (base 7) to base 11
71
What is -26 (base 12) in base 2?
-11110
What is 34 (base 14) in base 16?
2e
-1 (base 15) to base 9
-1
34 (base 9) to base 14
23
What is 20 (base 9) in base 5?
33
What is -42 (base 5) in base 14?
-18
-5 (base 6) to base 4
-11
Convert 48 (base 15) to base 4.
1010
4 (base 8) to base 5
4
Convert -20 (base 3) to base 9.
-6
3b (base 16) to base 12
4b
217 (base 9) to base 7
343
Convert 400 (base 6) to base 16.
90
What is 24 (base 10) in base 9?
26
-63 (base 7) to base 4
-231
-2 (base 4) to base 3
-2
Convert 4 (base 9) to base 2.
100
Convert 1 (base 3) to base 10.
1
Convert 8 (base 13) to base 2.
1000
-1 (base 4) to base 11
-1
What is -4 (base 11) in base 3?
-11
10 (base 12) to base 7
15
What is -44 (base 5) in base 11?
-22
What is c (base 15) in base 5?
22
What is 10210 (base 4) in base 2?
100100100
11 (base 2) to base 4
3
Convert 21 (base 3) to base 7.
10
Convert -231 (base 5) to base 3.
-2110
204 (base 5) to base 11
4a
Convert 13 (base 12) to base 10.
15
What is 10 (base 2) in base 7?
2
What is -1a (base 13) in base 2?
-10111
What is 112 (base 11) in base 12?
b2
Convert -112 (base 3) to base 15.
-e
What is -1 (base 10) in base 7?
-1
2 (base 6) to base 4
2
What is -62 (base 16) in base 4?
-1202
Convert 220 (base 3) to base 13.
1b
-11211 (base 3) to base 15
-8a
Convert 11011 (base 2) to base 10.
27
2 (base 4) to base 5
2
What is -21 (base 8) in base 15?
-12
-10 (base 10) to base 3
-101
26 (base 11) to base 7
40
-1 (base 2) to base 9
-1
Convert 66 (base 12) to base 16.
4e
-12 (base 14) to base 5
-31
Convert b (base 14) to base 3.
102
a5 (base 12) to base 6
325
Convert -71 (base 9) to base 8.
-100
Convert 4 (base 6) to base 11.
4
353 (base 6) to base 2
10001101
41 (base 11) to base 7
63
What is 18 (base 15) in base 11?
21
What is 107 (base 11) in base 6?
332
Convert 11 (base 2) to base 8.
3
-3 (base 11) to base 9
-3
What is 406 (base 8) in base 9?
321
What is -2 (base 15) in base 2?
-10
Convert -1d (base 15) to base 4.
-130
Convert d (base 15) to base 5.
23
Convert 3 (base 7) to base 8.
3
Convert 3 (base 13) to base 4.
3
What is -1 (base 2) in base 7?
-1
Convert -4 (base 11) to base 6.
-4
Convert -1d (base 15) to base 7.
-40
11 (base 10) to base 9
12
What is -66 (base 13) in base 11?
-77
Convert 38 (base 9) to base 10.
35
Convert -3 (base 12) to base 14.
-3
What is 11 (base 12) in base 16?
d
3 (base 12) to base 2
11
What is -15d (base 15) in base 16?
-139
What is -2 (base 14) in base 2?
-10
Convert -30 (base 5) to base 15.
-10
What is -1 (base 8) in base 12?
-1
Convert -11103 (base 4) to base 10.
-339
What is 121 (base 3) in base 14?
12
What is 1 (base 6) in base 10?
1
-105 (base 6) to base 4
-221
What is -4 (base 10) in base 12?
-4
Convert c3 (base 13) to base 11.
135
What is -1241 (base 5) in base 11?
-169
What is -1 (base 3) in base 5?
-1
What is -13 (base 14) in base 4?
-101
What is -4 (base 7) in base 5?
-4
Convert 101010 (base 2) to base 14.
30
What is -1 (base 12) in base 5?
-1
5 (base 9) to base 15
5
What is 26 (base 15) in base 3?
1100
What is 27 (base 8) in base 9?
25
Convert 13 (base 4) to base 16.
7
-9b (base 14) to base 10
-137
Convert 120 (base 10) to base 15.
80
99 (base 14) to base 12
b3
What is 2 (base 12) in base 7?
2
What is 20 (base 5) in base 9?
11
-1 (base 7) to base 13
-1
What is -1 (base 12) in base 5?
-1
15 (base 6) to base 12
b
What is 8 (base 15) in base 14?
8
-1 (base 13) to base 5
-1
What is 24 (base 13) in base 11?
28
7 (base 11) to base 12
7
-6 (base 9) to base 4
-12
-12 (base 3) to base 15
-5
Convert -213 (base 6) to base 11.
-74
Convert 4 (base 9) to base 7.
4
What is -11 (base 5) in base 11?
-6
-58 (base 11) to base 13
-4b
What is -47 (base 10) in base 15?
-32
1 (base 7) to base 11
1
What is 124 (base 10) in base 12?
a4
Convert -115 (base 11) to base 16.
-89
Convert 28 (base 9) to base 5.
101
What is 2 (base 15) in base 16?
2
Convert 154 (base 6) to base 14.
50
Convert -24 (base 7) to base 11.
-17
What is 1240 (base 6) in base 8?
470
Convert -26 (base 10) to base 12.
-22
-10 (base 3) to base 16
-3
Convert 3 (base 12) to base 9.
3
0 (base 14) to base 15
0
What is 1 (base 5) in base 6?
1
Convert 416 (base 8) to base 10.
270
21121 (base 3) to base 